 is l(6)?
2406
Let u(f) = f**3 + 43*f**2 + 699*f + 38502. Give u(-46).
0
Let g(y) = -12433*y - 1293144. Calculate g(-104).
-112
Let w(g) = 750*g - 11995. Give w(17).
755
Let h(y) = 206*y**2 - 5330*y - 678. Calculate h(26).
-2
Let q(v) = -17*v**2 - 802*v - 890. Calculate q(-46).
30
Let z(t) = 125963*t - 11840519. Determine z(94).
3
Let n(z) = -294*z + 8697. Give n(45).
-4533
Let h(n) = 16*n**2 + 737*n - 1580. Determine h(-49).
723
Let m(w) = 14*w**2 - 6266*w - 77208. Calculate m(-12).
0
Let s(g) = -g**3 - 15*g**2 - 59*g - 39. What is s(-8)?
-15
Let h(p) = -10*p**2 - 1374*p + 975. Determine h(-139).
-1249
Let a(u) = u**2 - 182*u + 2689. Calculate a(165).
-116
Let x(n) = -4*n**2 - 1421*n - 62105. Determine x(-51).
-38
Let s(v) = -7594*v - 797373. What is s(-105)?
-3
Let n(o) = -o**3 + 1473*o**2 + 17856*o - 53431. Calculate n(1485).
29
Let t(j) = 35434*j - 248032. Calculate t(7).
6
Let f(o) = 25*o**2 + 233*o + 398. Calculate f(-7).
-8
Let v(u) = 1643*u - 11493. Calculate v(7).
8
Let w(q) = 16*q**2 - 758*q + 3591. What is w(42)?
-21
Let p(z) = -z**2 + 1039*z + 32076. Give p(-31).
-1094
Let x(s) = -2*s**3 - 58*s**2 + 14*s - 1378. Calculate x(-30).
2
Let w(y) = -85*y**2 + 318*y + 99. Calculate w(4).
11
Let q(r) = r**3 + 24*r**2 - 143*r - 849. Calculate q(-28).
19
Let h(u) = -2807752*u - 89848062. Give h(-32).
2
Let p(v) = -26910*v + 888194. Determine p(33).
164
Let l(q) = -4*q**2 - 329*q - 7043. Determine l(-22).
-1741
Let r(w) = 105432*w + 1054330. Give r(-10).
10
Let w(s) = -57542*s + 229921. What is w(4)?
-247
Let j(q) = -q**3 - 37*q**2 - 10*q - 95. What is j(-37)?
275
Let z(y) = -2504*y + 10128. Give z(4).
112
Let c(x) = 2655*x + 11693. Calculate c(-5).
-1582
Let u(s) = -569*s**2 - 38701*s - 610. What is u(-68)?
2
Let l(t) = -2*t**3 - 1307*t**2 - 4554*t - 2607. What is l(-650)?
-7
Let c(g) = -9*g**2 - 12340*g + 48118. Determine c(-1375).
-7
Let l(h) = -2*h**3 + 232*h**2 + 133*h - 15514. What is l(116)?
-86
Let u(t) = 1847*t + 33294. Calculate u(-18).
48
Let l(r) = r**3 - 57*r**2 - 7129*r + 4229. Calculate l(-61).
20
Let m(c) = -c**3 - 41*c**2 + 101*c + 2470. Give m(-42).
-8
Let s(n) = 236*n - 17914. What is s(75)?
-214
Let u(m) = -331*m + 16582. Give u(48).
694
Let w(s) = -4*s**3 + 17*s**2 - 115*s + 75. What is w(4)?
-369
Let m(u) = 3*u**3 + 1549*u**2 - 1141*u - 55320. Determine m(-517).
-1
Let t(u) = -60*u**2 - 953*u + 1886. Calculate t(2).
-260
Let n(a) = -35872*a + 322861. Give n(9).
13
Let n(f) = -37*f - 1324. Determine n(-45).
341
Let t(c) = 6408*c - 25812. What is t(4)?
-180
Let s(j) = -11*j**3 + j**2 + 2013*j - 4022. Calculate s(2).
-80
Let j(d) = d**3 - 37*d**2 + 47*d + 11. Give j(24).
-6349
Let d(l) = -47*l**2 - 4182*l + 206. What is d(-89)?
117
Let l(z) = z**3 - 25*z**2 + 624*z - 12280. Give l(22).
-4
Let o(m) = -8*m**2 + 102*m + 45. What is o(16)?
-371
Let o(p) = 12*p**2 - 12*p - 293. Determine o(-12).
1579
Let m(z) = 62*z**3 + 699*z**2 - 37*z - 2472. Calculate m(-11).
-8
Let p(w) = -w**3 - 16*w**2 - 124*w - 2879. Calculate p(-18).
1
Let s(n) = -1270*n - 321304. Calculate s(-253).
6
Let l(j) = -2*j**2 - 51*j - 190. Determine l(-24).
-118
Let p(y) = -10*y**2 - 1842*y - 16103. Give p(-175).
-3
Let u(h) = -h**3 - 21*h**2 - 12*h + 804. Give u(-18).
48
Let z(s) = -131*s**2 + 520*s + 1041. Calculate z(-2).
-523
Let f(i) = -1075*i - 336514. Give f(-313).
-39
Let r(x) = -21*x**2 - 5982*x + 140. Calculate r(-285).
-715
Let l(r) = 2*r**3 - 141*r**2 + 667*r + 3124. Determine l(65).
4
Let j(y) = y**3 + 458*y**2 + 24536*y - 6354. Determine j(-396).
-18
Let t(z) = 15*z**3 + 826*z**2 + 53*z - 67. What is t(-55)?
43
Let y(s) = -5*s - 954. Calculate y(-37).
-769
Let z(s) = -16*s**2 + 420*s + 31. Give z(23).
1227
Let u(p) = -498*p + 11411. Give u(24).
-541
Let a(y) = 2*y**2 - 14*y - 10284. Give a(67).
-2244
Let v(z) = z**2 + 322*z - 15437. What is v(43)?
258
Let i(o) = 367*o - 1881. What is i(-1)?
-2248
Let x(c) = c**3 - 113*c**2 + 1689*c + 1961. Determine x(95).
-34
Let o(m) = 3423*m - 38429. Determine o(11).
-776
Let c(t) = -62*t**2 - 76634*t - 2469. Determine c(-1236).
3
Let o(c) = c**3 + 8*c**2 - 858*c + 4637. Give o(6).
-7
Let r(x) = 41*x**3 + 208*x**2 + 11*x - 25. Give r(-5).
-5
Let z(w) = -21074*w + 7396971. Give z(351).
-3
Let l(g) = 3*g**3 + 35*g**2 + 109*g - 39. Determine l(-8).
-207
Let f(y) = -56*y**2 - 5847*y + 3453. What is f(-105)?
-12
Let v(w) = -w**3 - 5*w**2 + 90*w - 93. Calculate v(7).
-51
Let o(g) = -14*g**2 + 1229*g - 348. What is o(88)?
-612
Let a(x) = 82814*x + 1987520. What is a(-24)?
-16
Let h(j) = 2*j**2 + 1346*j + 50516. Determine h(-40).
-124
Let o(p) = -45*p - 1080. Determine o(-22).
-90
Let d(h) = 4337*h + 3113960. Give d(-718).
-6
Let f(i) = -2137*i - 2165. Calculate f(-2).
2109
Let o(z) = 6*z**3 + 55*z**2 + 66*z + 44. Determine o(-8).
-36
Let z(s) = 30*s**3 - 327*s**2 + 880*s - 10073. Determine z(11).
-30
Let r(f) = -38*f**2 + 865*f + 865. What is r(-1)?
-38
Let w(u) = 2*u**3 + 68*u**2 - 191*u - 1786. Give w(-36).
-94
Let v(k) = -37*k**3 + 232*k**2 - 40*k - 254. Calculate v(6).
-134
Let v(o) = 2631*o - 43364. Determine v(17).
1363
Let n(k) = k**3 - 165*k**2 + 5742*k - 108. Give n(116).
6620
Let z(m) = 627*m - 18062. Calculate z(29).
121
Let r(n) = 12*n**2 + 2049*n + 84626. Calculate r(-70).
-4
Let v(f) = -601*f + 7238. Calculate v(12).
26
Let r(u) = -3044*u - 9123. Calculate r(-3).
9
Let y(a) = 5996*a**2 + 65891*a + 28. Give y(-11).
743
Let l(p) = 2030*p - 24004. Determine l(12).
356
Let t(v) = -2218*v + 6734. What is t(3)?
80
Let k(l) = 7*l + 650. Calculate k(-6).
608
Let h(g) = -25*g**2 - 862*g - 1970. Calculate h(-32).
14
Let b(k) = -52*k**2 - 59*k + 260. Determine b(5).
-1335
Let m(x) = -36*x**2 + 28233*x - 63341. Give m(782).
1
Let i(d) = -7*d**3 - 1033*d**2 + 435*d - 1344. Calculate i(-148).
-12
Let d(k) = 10*k**2 - 1284*k + 7703. Determine d(6).
359
Let b(x) = 1101*x + 169566. Calculate b(-154).
12
Let p(w) = -10403*w - 208033. Calculate p(-20).
27
Let t(r) = -1409*r - 1366. Give t(-1).
43
Let o(x) = -20019*x + 280264. Calculate o(14).
-2
Let o(s) = -5576*s - 4851156. Calculate o(-870).
-36
Let i(l) = -2*l**2 + 1059*l + 20850. Calculate i(-19).
7
Let r(z) = -76*z**2 + 939*z + 6047. Give r(-6).
-2323
Let c(h) = -29*h**3 - 6*h**2 - 20*h + 38. Give c(2).
-258
Let z(b) = -b**2 + 98*b + 4194. Calculate z(-27).
819
Let c(g) = -4*g**2 + 744*g - 8949. Calculate c(172).
683
Let d(t) = -3671*t + 10. Calculate d(0).
10
Let i(x) = x**3 - 8*x**2 + 121*x + 1279. Calculate i(-6).
49
Let n(s) = -3*s**3 - 28*s**2 + 184*s + 2153. Calculate n(-11).
734
Let x(p) = -9*p**3 - 9*p**2 - 151*p - 379. Calculate x(-3).
236
Let q(f) = -f**3 - 13*f**2 - 4429*f - 53003. Determine q(-12).
1
Let t(j) = j**3 + 91*j**2 - 80*j - 395. Calculate t(-92).
-1499
Let g(k) = 8*k**2 - 640*k - 1370. Calculate g(81).
-722
Let a(m) = 43*m**2 + 166*m + 8. Determine a(-5).
253
Let q(p) = 67*p + 2982. What is q(8)?
3518
Let g(t) = -48*t**3 - 4*t**2 - 36*t + 92. Calculate g(3).
-1348
Let w(o) = 3*o**3 - 425*o**2 - 156*o + 469. Calculate w(142).
-1519
Let a(v) = -168791*v - 4388582. Calculate a(-26).
-16
Let b(o) = o**3 - 176*o**2 + 1293*o + 3. Give b(8).
-405
Let b(u) = -u**3 + 159*u**2 - 12543*u + 1883705. Give b(156).
5
Let j(m) = -224478*m + 6734354. What is j(30)?
14
Let v(y) = 97*y**2 - 548*y - 7393. Give v(12).
-1
Let g(d) = -337*d + 7435. Calculate g(22).
21
Let f(n) = 5*n**3 - 13*n**2 + 434*n + 908. Give f(-2).
-52
Let v(p) = -445*p**2 - 8027*p - 130. Give v(-18).
176
Let k(l) = -350*l - 65097. Determine k(-186).
3
Let h(l) = -141*l**2 - 2817*l + 32. Give h(-20).
-28
Let b(l) = -7*l**3 + 184*l**2 - 26*l - 681. Determine b(26).
-5
Let r(m) = -269*m**2 + 1025*m - 2031. Give r(2).
-1057
Let p(j) = -j**3 - 20*j**2 + 16*j + 164. Give p(-20).
-156
Let h(m) = -2*m**3 + 7339*m**2 + 140168*m + 84. Give h(-19).
-11
Let j(z) = -47*z**2 - 110*z + 971. Determine j(9).
-3826
Let z(i) = 7133*i - 30074. Determine z(4).
-1542
Let r(y) = -7*y**3 + 26*y**2 - 37*y + 166. Determine r(4).
-14
Let a(n) = 3*n**2 + 6893*n - 34511. What is a(5)?
29
Let p(l) = 8*l**2 + 79231*l - 1031356. What is p(13)?
-1
Let y(p) = -p**3 - 23*p**2 + 572*p + 27. Determine y(-38).
-49
Let t(u) = 15848*u - 31689. Calculate t(2).
7
Let m(a) = 14780*a - 29522. Calculate m(2).
38
Let m(p) = -6*p**3 